et l = -1883 - -5258. What is the tens digit of l?
7
What is the hundreds digit of (-1)/(-4) - 1203/(-4)?
3
Let y = -87 + 98. Suppose 18*a - y*a - 1337 = 0. What is the units digit of a?
1
Let n = 842 + -406. What is the tens digit of n?
3
Suppose -1 = -5*l - 81. What is the units digit of ((-2)/(l/6))/(7/588)?
3
Let o be -1 + -5 + (-3 - (0 + -5)). What is the units digit of (-32)/4*2/o?
4
Suppose -3*y - 316 = -1117. What is the units digit of y/2 - (-72)/(-48)?
2
Let q be 4/(-14) + (-64)/(-28). Suppose -2*s + 81 = r, -s - q*r = 27 - 69. What is the units digit of s/12*(-6)/(-4)?
5
Suppose 0 = -4*k + 11 + 41. Suppose w - 107 = -k. What is the units digit of w?
4
Let n(c) = -3*c + 79. Let w be n(25). Suppose 3*o - 4*p - 547 = -0*o, -w*o + 729 = -5*p. What is the hundreds digit of o?
1
Let n(a) = -2*a**3 + 3*a**3 + 16*a + 9 + 9*a**2 - 2*a**3 - 9*a. What is the units digit of n(8)?
9
Let h(x) = -x**3 - 11*x**2 + 11*x + 15. What is the units digit of h(-12)?
7
Let s(o) = -4*o**3 - o**2 + 5*o + 9. Let q be s(-4). Let y = q + -124. What is the hundreds digit of y?
1
Suppose 0*m - 6 = 3*m. Let j(v) = -6*v**3 - 2*v**2 + v + 1. Let y be j(m). Suppose 0 = -5*s + 4*l - y + 117, -3*s + 2*l = -46. What is the units digit of s?
4
Suppose 5*t + 4*u = 6*u + 10, -5*t + 4*u = -20. Suppose r + 7 = 2*d, t = 2*d - r - 3*r - 4. Suppose 73 + 27 = d*o. What is the units digit of o?
5
Suppose -9*m + 6968 = -5*m. What is the units digit of m?
2
Let u = 585 - 417. Suppose 4*y - 7*y + u = 0. What is the tens digit of y?
5
Let q be ((-21)/(-6) - 2)*2. Let c(z) = -q*z**3 + 3 + 2*z**3 + 5*z**2 + 0*z**3 - 3*z + 2*z**3. What is the units digit of c(-4)?
1
What is the tens digit of (-3410)/33*(0 + -3)?
1
Suppose -5*y + 20 = 0, -3*x - y = -6 - 1. Suppose -25 = -4*v - x. Let i(f) = 2*f**2 - 3*f - 13. What is the tens digit of i(v)?
4
Let c(k) = k**3 - 10*k**2 - k + 17. What is the units digit of c(14)?
7
Let i be (8/10)/(18/(-45)). Let j(f) = 17*f**2 + 3*f + 1. What is the units digit of j(i)?
3
Let p(x) = -x**3 - 12*x**2 - 20*x - 2. Let n be p(-10). What is the hundreds digit of (n/(-7) + (-7200)/63)*-1?
1
Suppose 4*o - 375 = -i + 5, -5*i + 95 = o. What is the units digit of o?
5
Suppose -9*c - c = -2940. What is the hundreds digit of c?
2
Let l(w) = -w + 229. Let g be l(0). Let q = g - 117. What is the hundreds digit of q?
1
Suppose -k - 1 = 1. Let h be k*-1*(3 - 2). Suppose -v = 2*v - 2*t - 45, h*v + t = 30. What is the tens digit of v?
1
Let j be 4 + 1 + -3 - -3. Suppose 5*h + 4*f - j*f - 57 = 0, -6 = 3*f. Suppose -z - 2*b = -2 - h, 0 = -z + 4*b + 19. What is the tens digit of z?
1
Suppose 21 = 5*o + 1, 0 = -5*n - 5*o + 25. Let k be 28/(-6)*(n - 4). What is the tens digit of 1216/56 + 4/k?
2
Suppose -4655 = -5*d + 5*y, 3*y + 123 = 5*d - 4536. What is the units digit of d?
3
Let v(h) = h**3 + 11*h**2 + 4*h + 34. What is the tens digit of v(-6)?
9
Let i(r) = -2*r**3 - r**2 + 2*r - 1. Let p be i(1). Let g(w) = -w**2 + 18*w - 3. Let l be g(18). What is the units digit of (-128)/(-24) + p/l?
6
Suppose 2*r - r = -3*v - 5, r + 5*v = -7. Let d be 5/(-6) - r/(-12). What is the tens digit of d/3 - 222/(-18)?
1
Suppose 8*d = -29*d + 41292. What is the units digit of d?
6
Let n = 868 - -84. What is the hundreds digit of n?
9
Let a(y) = -y + 5. Let z be a(4). Let o = 5 - z. Suppose -o*q + 17 = -23. What is the units digit of q?
0
Suppose -24*s + 10546 = -42422. What is the tens digit of s?
0
Suppose 24*l = 3*l + 7728. What is the tens digit of l?
6
Let p be (58/(-4) + (-7)/(-7))*-4. Suppose 0 = 2*x - 48 - p. What is the tens digit of x?
5
Let s(d) = -d**3 + 4*d**2 - 9*d - 8. What is the units digit of s(-4)?
6
Suppose -3*q - a + 653 = 0, -2*a + 0 = 2. What is the hundreds digit of q?
2
Let l(u) = 3*u - 23. Let w be (-1698)/(-18) - 1/3. Suppose 5*a - w = -14. What is the units digit of l(a)?
5
Let h(c) = c**3 + 11*c**2 + 4*c - 7. Let j be 86/(-8) - 39/(-52). What is the tens digit of h(j)?
5
Let m be 40/5*(2 - (-7)/(-4)). Suppose 4*w - 4*z - 202 = -m*z, w - z = 48. What is the tens digit of w?
5
Let c = -515 + 1101. What is the units digit of c?
6
Suppose -72 = -4*z - 84. Let f(o) = o + o**2 + 2 - o**3 + 0 + 2*o - 3. What is the tens digit of f(z)?
2
Suppose 2*z - 2155 = -3*k, 0 = -2*z + 2*k + 705 + 1455. What is the hundreds digit of z?
0
Suppose -3*y + 642 = 4*i, y - 111 = 5*i + 84. What is the hundreds digit of y?
2
Suppose 0 = -4*h - 24 + 108. Suppose -3*o + 195 + h = 2*a, a - 118 = -4*o. Suppose -7*m + a = -4*m. What is the units digit of m?
4
Let u be 140 - 1 - (-20 + 22). Let c = 118 + u. What is the hundreds digit of c?
2
Let l be (-152)/(-36) - (-6)/(-27). Let p(m) = m**3 - 3*m**2 + m - 13. What is the units digit of p(l)?
7
What is the tens digit of (5 - (7 - -210))/(-2)?
0
Suppose -8*y = 790 - 5734. Let f = y - 393. What is the hundreds digit of f?
2
Let r(k) = k**3 - 9*k**2 + 8*k + 12. Let n(p) = p**2 - p. Let j(s) = 2*n(s) - r(s). What is the tens digit of j(9)?
6
Suppose -10*i - 5*s = -13*i + 14405, -5*s - 4795 = -i. What is the units digit of i?
5
Let a(z) be the second derivative of -z**3/3 - 7*z**2/2 - 31*z. Suppose 5*l = 3*x - 28, -4*l - 5*x = 36 + 16. What is the units digit of a(l)?
9
Suppose 3*p + 1372 = 4*p + 2*d, -p + 5*d = -1351. What is the tens digit of p?
6
Let o(j) = j**3 - j. Let s(h) = -3*h**3 + 5*h**2 + 4*h - 7. Let q(n) = 4*o(n) + s(n). Let g be q(-4). Suppose 0 = g*a - 11*a + 18. What is the units digit of a?
9
Let c = 828 + -335. What is the units digit of c?
3
Let l(m) = -m**2 - 23*m - 66. Let p be l(-20). What is the hundreds digit of ((-892)/p)/(0 + (-4)/(-6))?
2
Suppose -z + 18 = -4*n, 0*n = -z + 5*n + 22. Suppose 0 = -g - z*a + 19, -2*g + 0*a = 2*a - 46. What is the tens digit of g?
2
Suppose 2*u - 134 = -146*n + 144*n, u - 67 = -3*n. What is the tens digit of u?
6
Let f(g) = -4*g**3 - 6*g**2 + 6*g + 60. What is the units digit of f(-8)?
6
Suppose 54 + 53 = g. What is the units digit of g?
7
Let n be (-6)/(24/44) - (-4)/(-2). Suppose -3*b - 28 - 32 = 0. Let m = n - b. What is the units digit of m?
7
Let o(v) = v**3 - 7*v**2 - 23*v + 19. What is the tens digit of o(15)?
7
Suppose -3*d = 2*a - 2, -a = 5*d + 3*a. Let v be (-6)/d*2/(-3). Let i(l) = 9*l**2 + 1. What is the tens digit of i(v)?
1
Suppose -z + 3*d = 7*d - 146, -2*z = -5*d - 253. What is the units digit of z?
4
Suppose 8*a - 6*a - 3456 = -4*t, 2*a - 2*t = 3426. What is the units digit of a?
8
Let c(t) = 15*t - 20. Let f be c(8). Let a = 157 - f. Suppose a = -4*j + 225. What is the tens digit of j?
4
Suppose -g = -y + 2*y - 1, -3*y - g + 11 = 0. Let u be 4 + -4 + y - 2. Suppose 8*d - 10 = u*d. What is the units digit of d?
2
Let h(z) = 20*z**2 + 27*z - 154. What is the units digit of h(10)?
6
Suppose -10*c + 12*c + 4672 = q, 0 = 5*c + 10. What is the tens digit of q?
6
Let w(f) = 2*f**2 - 3. Let h be w(2). Suppose 143 = h*c - 297. What is the units digit of c?
8
Suppose 6 = a + 2. Let o be 564/84 + a/14. What is the tens digit of (o*1)/(15/105)?
4
Let w(i) = 8*i + 395 - 179 - 183. What is the units digit of w(9)?
5
Let d(u) = 11*u**2 + 5*u - 2. Let i be d(1). What is the tens digit of 119/2 - 7/i?
5
Suppose -920 = 51*g - 55*g. What is the tens digit of g?
3
What is the thousands digit of (1287*-13)/(-9) - -2?
1
What is the thousands digit of (-330)/(-220)*(-10984)/(-6)?
2
Suppose 5*a + 2*s - 45 = 4*s, 2*a = -s + 9. What is the units digit of (-1)/(-2) + a/42*195?
3
Let l be 29 + 3/(-3) - -2. Let z(b) = 2*b - 53. Let i be z(14). Let x = i + l. What is the units digit of x?
5
Let c be 3*(-1)/5*5 - -3. Suppose -o + 545 = 4*z, z = -c*z + 2*o + 125. What is the tens digit of z?
3
What is the units digit of (68 - -2) + (-20 - -19)?
9
Let v(n) = -4*n**3 - 4*n**2 - 12. What is the hundreds digit of v(-5)?
3
Suppose -5*g = -4*g - 2. Suppose 4*l + g*m = -2*m - 56, 0 = -5*m - 10. Let h = l + 13. What is the units digit of h?
1
Let m be (162/24)/(3/60). Let f = m + -35. What is the tens digit of f?
0
Let s(x) = -2*x - 5*x + 2*x - 6 - x + x**3 + 6*x**2. What is the tens digit of s(-5)?
4
Suppose 8*d = 123 + 133. What is the units digit of d?
2
Let k = -10 + 2. Let y = k - -11. Suppose -y*l - x + 97 = 2*l, -3*l = -x - 55. What is the units digit of l?
9
Let q = -5788 + 11046. What is the tens digit of 